(-99)/(-22))/(s/(-4)). Suppose -k + 5*d + 49 = 0, -11 = 5*d + w. What is the tens digit of k?
2
Suppose -5*t - 2*b + 13 = -23, -t = -3*b + 3. Suppose g = 6*g - 45. Let r = g + t. What is the tens digit of r?
1
Suppose 0 = -0*m - m - 5*k + 36, 0 = -5*k + 5. Suppose r - 7 - 23 = -2*h, -3*h = -2*r - m. What is the tens digit of h?
1
Suppose 1885 = 6*z - 1487. What is the tens digit of z?
6
Let m = -52 + 54. Suppose w + m*s - 141 = 0, -4*s - 540 = -2*w - 2*w. What is the units digit of w?
7
Let x(k) = k**3 + 18*k**2 + 7. Let g be x(-18). Let m = -7 + g. Suppose 3*q + m*q = 120. What is the tens digit of q?
4
Let k(s) = -19*s + 42. Let v(h) = -6*h + 14. Let x(i) = -3*k(i) + 8*v(i). What is the tens digit of x(8)?
5
Let i(l) = 6*l**2 + 13*l + 33. Suppose 0 = -2*t + 24 - 40. What is the hundreds digit of i(t)?
3
Let n(z) = z**2 - 14*z + 1473. What is the tens digit of n(0)?
7
Let d(f) be the third derivative of -f**6/120 + f**5/10 - f**4/12 - f**3/6 - 11*f**2. What is the tens digit of d(3)?
2
Let r(k) = -162*k - 28. What is the tens digit of r(-5)?
8
Suppose 0 = -b - 4, 2*b + 46 = 3*w - 5*w. Let x = 38 - w. What is the units digit of x?
7
What is the thousands digit of (10 + -16)*(-4155)/10?
2
Suppose -5*a - 3*l + 4*l = -517, -2*a + 216 = -5*l. Suppose 3*r = 5*g - 260, 2*g + 0*r - r - a = 0. Suppose 5*c - g = 6. What is the tens digit of c?
1
Let w(d) = -d**3 - 3*d**2 - d - 1. Suppose 18 = -4*a - 2. What is the tens digit of w(a)?
5
Let y be -2*12/8 - -1. What is the hundreds digit of 924/9 + 0 + y/3?
1
Let a be (12/9)/((-1)/3). Let f = -2 - a. Suppose -f*z + 38 = 3*j - 0*j, 0 = 4*z + 3*j - 88. What is the tens digit of z?
2
Let s(f) = -f**3 + 4*f**2 + 4*f + 2. Let h be s(5). What is the units digit of (-2 - (-15)/9)*h?
1
Let v = 243 - -257. What is the units digit of v?
0
What is the units digit of ((-18)/(-45)*4)/((-1)/(-160))?
6
Suppose 290 = 4*i - 2762. What is the hundreds digit of i?
7
Let o = 44 - 47. What is the tens digit of 4 - 2 - (-56 + o/3)?
5
Suppose 64*g - 6702 = 58*g. What is the tens digit of g?
1
Suppose 12*q = 14*q - 8. Suppose 0 = -q*b + 7 + 13. What is the units digit of b?
5
Let l be -3 - (0 - (4 - 0)). Let z(t) = t**3 + t**2 - t - 1. Let n(d) = 12*d**3 + 5*d**2 - 5*d - 7. Let y(r) = n(r) - 6*z(r). What is the units digit of y(l)?
5
Suppose 0 = -10*o + 5*o + 10. Suppose 4*y - o*i + 7*i = -5004, -5*i + 4964 = -4*y. What is the units digit of y/(-35) - (-4)/10?
6
Let g(o) = 4*o + 336. What is the units digit of g(0)?
6
What is the hundreds digit of 7306*(-3)/(-12)*(15 - 13)?
6
What is the hundreds digit of (84/24)/(3/210)?
2
Suppose 3*a + 37 = -17. Let g = 18 + a. Suppose 0 = d - 7 - g. What is the units digit of d?
7
Suppose -8258 = -21*b + 5266. What is the units digit of b?
4
Suppose 8606 = -4*o - 4*t - 62270, 16 = 4*t. What is the units digit of o/(-185) + (-1)/(-5)?
6
Suppose 9 = 2*s - 3. Suppose 4*t - t + 1431 = 0. What is the tens digit of s/(-4) - t/18?
2
Let j(x) = -2*x - 1. Let v = -18 - -8. Let o = v + 3. What is the units digit of j(o)?
3
Let u = 634 + 6. What is the units digit of u?
0
Let g(h) = -h**3 + 11*h**2 - 10*h - 12. Let b be g(10). Let d(v) = 4*v - 5. Let f be d(b). Let l = -33 - f. What is the tens digit of l?
2
Suppose -21 = 4*u + 135. Let i = u + 125. What is the tens digit of i?
8
What is the units digit of 5194/8 + 87/116?
0
Suppose -18 = -2*d + 68. What is the units digit of d?
3
Let t = 32 + -33. What is the units digit of 9/18*(1*91 - t)?
6
Suppose 3*j = 4*d - 241, -2*j + 226 = 4*d - 0*j. Suppose -3*b = -a - 323, 2*b - a - d = 156. What is the hundreds digit of b?
1
Let s(i) = -i**3 - 49*i**2 + 42*i - 96. What is the tens digit of s(-51)?
6
Suppose -3*h - 26 = 3*j - 5, 5*h = 2*j - 63. Let y = -9 - h. Suppose y*q + 92 = 4*q. What is the units digit of q?
6
Let l(u) = u**3 - 2*u**2 - 2*u + 1. Let h be l(3). Suppose h*o - o - 102 = 0. What is the units digit of (-6)/(-27) + o/9?
4
Suppose -5 + 57 = -4*u. Let r(o) = -8*o - 61. What is the units digit of r(u)?
3
Let p(q) = -q**2 + 3*q + 1. Let y be p(6). Let d = y - -23. Suppose 0 = d*z - 2*z - 20. What is the units digit of z?
5
Let p be 5/3 + 5/15. Suppose -4*c + 4 = -4*d, 5*c - 14 = -0*c + p*d. Let r(h) = 2*h**3 - 4*h**2 - 2*h + 4. What is the tens digit of r(c)?
6
Let y = 150 + 648. What is the tens digit of y?
9
Suppose -5*y - 215 - 50 = 0. Let q = -25 - y. Suppose 0 = -2*f - 3*d + q, 0 = -4*f + 4*d - 2*d + 40. What is the units digit of f?
1
Let j be 122 + (-5*(-2 - -1) - 3). Let o = -36 + j. What is the tens digit of o?
8
Let f = 1 - 3. Let r(t) = t**3 - t**2 - 3*t + 21. Let u be r(0). Let z = u - f. What is the tens digit of z?
2
Let p be 33/12*(-4 + 0). What is the units digit of -1*(p + 20/5)?
7
Let y(f) = -f**3 + 11*f**2 - 16*f + 13. Let g be y(9). Suppose -t + 90 = -g. What is the tens digit of t?
2
Let h(w) = w**2 + 66*w - 128. Let s(r) = -22*r + 43. Let j(t) = 2*h(t) + 7*s(t). What is the units digit of j(14)?
9
Suppose -5*h + d - 3 = -24, 0 = h + d - 3. Suppose 0*w + 472 = -h*w. What is the tens digit of 2/((-4)/w) - -3?
6
Suppose -37*s + 32*s = -1325. What is the hundreds digit of s?
2
Suppose 0 = -9*z + 2*z + 623. Let v = z - 40. What is the units digit of v?
9
Suppose 4*f = 14 + 2, r - 8 = -3*f. What is the units digit of r/(-4) - 5 - -10?
6
Let b = 13 - 3. Let j be -2 + (-4)/b*-5. Suppose j*a + 2*z = 4*a - 86, 46 = 2*a - 2*z. What is the units digit of a?
0
Let q(p) = -18*p - 163. What is the hundreds digit of q(-20)?
1
Suppose 7688 = 14*j + 1836. What is the hundreds digit of j?
4
Suppose 2*k - 1077 = -333. Suppose -4*m + k = 4*n - 0*n, 5*m - n - 465 = 0. What is the units digit of m?
3
Let b(s) = -s**2 - 6*s - 5. Let y be b(-6). Let z(x) = x**3 + 5*x**2 + x + 5. Let p be z(y). Let v = 13 + p. What is the tens digit of v?
1
What is the units digit of (-1618)/(-4) - (-3 - 20/(-8))?
5
Suppose 0 = 43*f - 37*f - 7722. What is the tens digit of f?
8
Let m = -15 + 18. Let o be 12/((-3)/m)*-1. Suppose -2*v - 3*h - 2*h = o, -2*v + 16 = -2*h. What is the units digit of v?
4
Let g = 1706 - -387. What is the hundreds digit of g?
0
Suppose 144*f = 129*f + 42435. What is the units digit of f?
9
Let y(u) = u**3 + 4*u**2 + 3*u + 3. Let o be y(-3). Suppose -35 = -8*v + o*v. What is the units digit of v/(-2)*(-3 - 7)?
5
Let g(z) = z + 4. Let h(p) = -p + 9. Let q be h(9). Let x be g(q). Suppose x*u - 32 = 2*u. What is the units digit of u?
6
Let g = 32 - 28. Suppose -j = -2*p - g, 3*j = -2*j - p + 9. Let a = 22 - j. What is the units digit of a?
0
Suppose 20725 = -12*x + 37*x. What is the hundreds digit of x?
8
Let k = -101 - -71. Let m = 18 + k. Let r = m + 20. What is the units digit of r?
8
What is the units digit of 51/2*(-64078)/(-483)?
3
Suppose 2*u - 1 = 29. Suppose 0 = 5*k + u, -k = -2*x + 28 + 29. What is the units digit of x?
7
Let f = -868 + 1296. What is the units digit of f?
8
Suppose y - 587 = -2*p + 6*y, 1249 = 4*p + 5*y. What is the hundreds digit of p?
3
Let n(d) = -397*d + 172. What is the thousands digit of n(-6)?
2
Suppose -106*v - 49334 = -123*v. What is the hundreds digit of v?
9
Let q be (-17 + 14)/(6/(-160)). Let p = q + 1. What is the units digit of p?
1
Let t(l) = 1 + 4*l**2 + 2*l - 3*l**3 - 2*l**3 - 2*l**2. Let v = 10 - 11. What is the units digit of t(v)?
6
Suppose -258 - 316 = -2*k. What is the units digit of k?
7
Let v(f) = 3*f**2 - 32*f + 7. What is the hundreds digit of v(-11)?
7
What is the units digit of ((-165)/(-10))/((-6)/(-160))?
0
Let z be ((-54)/15)/(4/20). Let t be 36/z*34/4. Let d = t + 22. What is the units digit of d?
5
Let q(l) = -l**2 + l + 1. Let x be q(-1). Let m be 1 - (2 + x + -36). Let o = m + -11. What is the tens digit of o?
2
Suppose -5*p = 15, -5*d + 10*d - 2931 = 2*p. What is the tens digit of d?
8
Suppose 64 = 2*p - a, 5*p - a - 2*a - 162 = 0. Let w = 20 - p. What is the units digit of w*(1 + 6/(-4))?
5
Let m be ((-2)/6)/(3/(-63)). Let s be (2 + 10)/3 + 8. What is the tens digit of (-315)/(-18)*s/m?
3
Let j(r) = -6*r + 19. Suppose 0*p + 44 = -4*p. What is the tens digit of j(p)?
8
Suppose 0*x + 196 = x. What is the tens digit of x?
9
Suppose 4*f = -9 + 1. Let c = f + 7. Suppose -4*s = -d - 3*d + 76, 3*d - c*s - 57 = 0. What is the tens digit of d?
1
Suppose -39*w + 22*w = -1258. What is the t